ided by ((-8)/(-3))/(4/30).
19
Let z = 29 - 22. Suppose 731 = z*o - 263. What is the remainder when o is divided by 36?
34
Suppose -2*g = -31 - 55. Suppose 3*l = -5*u + 37 + 10, 4*u - 4*l = 12. Suppose 2*p - g = u. Calculate the remainder when p is divided by 13.
12
Let u(n) = n**3 - 7*n**2 + 6. Let k be u(7). Suppose 5*r - 2*q = 110, 3*r = k*r + 2*q - 66. Calculate the remainder when 63 is divided by r.
19
Suppose g - 57 = -4*z, 0*g - 228 = -4*g - 5*z. Let v = 13 + -11. Suppose 2*q - v*b + 29 = 3*q, 0 = 5*b. What is the remainder when g is divided by q?
28
Calculate the remainder when 3/((-8)/(-12)*-4 - -3) is divided by 5.
4
Let d be 1078/(-44) - (-3)/(-2). Let o = -22 - d. What is the remainder when 9 is divided by o?
1
Let a(t) = -t**2 - 7*t + 4. Let j be a(-7). Suppose j*r - 43 - 9 = 0. Suppose -4*l + 119 = 19. Calculate the remainder when l is divided by r.
12
Let v(c) = c**2 - 12*c - 23. Suppose 2*y + 4*r - 66 = 0, -2*y - r + 5*r = -26. What is the remainder when v(17) is divided by y?
16
Suppose 0 = -n + 2*q, -12 = -4*n + 3*q - 2. What is the remainder when 46 is divided by n?
2
Let f(n) = -23*n**2 - 70*n + 13. Calculate the remainder when ((-1)/2)/((-1)/158) is divided by f(-3).
15
Suppose 5*m + p = 135, -5*m + 135 = 3*p + p. What is the remainder when 107 is divided by m?
26
Let c be 3/(-4) - (-9)/(-36). Let a = c - -4. What is the remainder when 6 is divided by a?
0
Suppose i + p - 82 = 46, 0 = -i + 4*p + 133. Suppose 24 = 3*l - i. What is the remainder when l is divided by 13?
12
Suppose 2*k + 2 = 2*i, 3 = 2*i - 2*k + k. Suppose -5*q - 43 = -i*y, 5*q + 2*y + 2*y = -49. Let r = -3 - q. Calculate the remainder when 17 is divided by r.
5
Let p(b) = -b**3 + b**2 - b + 3. Let y be p(0). Suppose 0 = -2*n - a + 207, 0 = n + y*a - 4*a - 96. Calculate the remainder when n is divided by 26.
23
Let f be 33 + ((-15)/(-3))/(-5). Let t(c) = f*c**2 - 4*c - c**2 + 5*c. Calculate the remainder when 127 is divided by t(1).
31
Suppose -4*u = 4*c - 192, -3*u + 37 = 2*c - 102. Let r = -4 + u. Calculate the remainder when r is divided by 14.
11
Let v = 41 + -29. Calculate the remainder when 191 is divided by v.
11
Let n = 412 - 195. Calculate the remainder when n is divided by 20.
17
Suppose 0*j - 2*j - 4*i = -52, j - 2*i = 34. Calculate the remainder when j is divided by 16.
14
Let v(u) = u + 3. Let y be v(-8). What is the remainder when (26/(-20) + 1/y)*-6 is divided by 6?
3
Suppose 4*j + 77 = 8*j - 59. Calculate the remainder when j is divided by 15/(-2)*(-4)/6.
4
Suppose 0 = -v - 10 + 24. Let n = v - -20. What is the remainder when n is divided by 9?
7
Let o = 90 - 68. Suppose 4*q = -5*u - 8, 8*q - 3*q = u + 19. Suppose q*i - 2*i = 12. Calculate the remainder when o is divided by i.
10
Suppose 5*q - 8*s - 25 = -3*s, -s = 3. Let n = 34 + 10. What is the remainder when n is divided by ((-2)/(-1))/(q/16)?
12
Let p(h) = -h + 6. Let d be p(-5). Suppose -g + 17 = d. What is the remainder when g is divided by 4?
2
Suppose 9*c - 4*c + 3*g = 327, -4*c - 5*g + 272 = 0. Let t(l) = 14*l - 10. Let i be t(7). Suppose -o + 5*o = i. Calculate the remainder when c is divided by o.
19
Suppose 247 = 4*k - 5*y, -3*k = 70*y - 73*y - 189. Calculate the remainder when k is divided by 51.
17
Suppose -a + 14 = -3*q, q + q = 4*a - 6. Calculate the remainder when (19 - 1)*((-15)/3)/q is divided by 7.
4
Suppose 66*q + 40 = 70*q. Let z be (0 + (-4)/(-3))*3. Let m = 10 - z. Calculate the remainder when q is divided by m.
4
Let v(x) = -16*x**3 + 12*x + 9. Calculate the remainder when v(-3) is divided by 37.
35
Suppose 3*q = -q + 24. Let d = -380 + 391. What is the remainder when d is divided by q?
5
Let m = -206 + 280. What is the remainder when 235 is divided by m?
13
Calculate the remainder when 474 is divided by ((-198)/(-24) + 6)*(-8)/(-6).
18
Suppose 3*l = 3*l - 2*l. Suppose l = -o + 3*j + 6, 8 = o - j - 0. Calculate the remainder when 26 is divided by o.
8
Suppose 2*c - 3*c + 86 = 3*l, 271 = 3*c - 4*l. What is the remainder when c is divided by 10?
9
Suppose 4*h + 10*h = 3612. Calculate the remainder when h is divided by 87.
84
Let c be (-1)/(2/8*-2). Suppose -c*u - 2 = -s, -3*s + 22 = -5*u + 3*u. Suppose 8*h - 277 = -69. Calculate the remainder when h is divided by s.
6
Suppose 0 = 3*i - 3*z - 42, -74*z + 5 = i - 72*z. Calculate the remainder when 18 is divided by i.
7
Let u(w) = -3*w - 6. Let s = 19 + 89. Let i be (-348)/s + (-2)/(-9). Calculate the remainder when 5 is divided by u(i).
2
Suppose 5 = 3*a - 4, 5*f - 2*a = 94. Suppose -8788 = -61*v - 2932. What is the remainder when v is divided by f?
16
Let i = -4032 - -5823. Calculate the remainder when i is divided by 56.
55
Let x(v) = 19*v**2 - 3*v + 2. Suppose 6*b - 1 = 5*b. Calculate the remainder when 52 is divided by x(b).
16
Let c be 6/(-2) + 56/7. Suppose -n = 4*n + 4*z - 11, 13 = c*n + 2*z. Suppose -r = 2*a - 31, 54 = 3*a + n*r + 3. Calculate the remainder when 25 is divided by a.
11
Let i be -1 + (11 + 2 - -1). Let y(x) = -x + 29. What is the remainder when 47 is divided by y(i)?
15
Let a = -9 + 9. Suppose x + a*q + 4*q = 4, 4*x - 5*q - 16 = 0. Suppose 6*v + 5*k = 3*v + 83, -v = -x*k - 5. Calculate the remainder when 39 is divided by v.
18
Suppose 0 = -5*y + 68 + 7. What is the remainder when (-8 + 16)/(-24)*-177 is divided by y?
14
Let l(g) = g**2 + 18*g + 34. Let z be l(-14). Let s = z + 77. Calculate the remainder when s is divided by 28.
27
Suppose -4 = -2*o - 5*s + 20, o - s = 19. Calculate the remainder when o is divided by 4.
1
Let v = 107 + -75. Suppose -4*t = 8 + v. Let p = 41 - t. What is the remainder when p is divided by 13?
12
Let z(d) = 2*d + 14. Let j(h) = -h**2 + 17*h - 19. What is the remainder when j(15) is divided by z(-5)?
3
Suppose 8 = -r + 5*r. What is the remainder when 1 - -45 - (-2 - r) is divided by 18?
14
Suppose -9*f + 7 + 11 = 0. Suppose -3*u + 54 = -4*z, 6*u - f*u - 2*z = 82. Calculate the remainder when 87 is divided by u.
21
Let t = -147 + 173. Calculate the remainder when 50 is divided by t.
24
What is the remainder when 8/(-12)*1 + (-166)/(-6) is divided by 11?
5
Let t = 74 - 59. Suppose -4*m - 484 = -t*m. Let g = -32 + 48. What is the remainder when m is divided by g?
12
Let v be 6/2 + 0/4. What is the remainder when v - (-1 - (1 - -1)) is divided by 4?
2
Calculate the remainder when 7/14 - 1070/(-20) is divided by 14.
12
Suppose s + 3*t - 122 = -0*t, 4*s + 2*t = 438. Let b = s - -20. What is the remainder when b is divided by 26?
23
Suppose 0 = 13*o - o - 3696. What is the remainder when o is divided by 62?
60
Suppose 9*u = 5*u + 36. Suppose 0*f = f - 13. Let z = f + 21. What is the remainder when z is divided by u?
7
Let q(b) = 11*b**2 - 11*b - 3. Calculate the remainder when q(-4) is divided by 45.
37
Suppose -5*f + 48 = 4*n, 0 = -3*f + 4*n - 6*n + 30. Calculate the remainder when 441 is divided by f.
9
Suppose 8*d + 467 = 819. What is the remainder when 169 is divided by d?
37
Suppose 0 = -4*u - 2*d + 16, 4*d - 10 = -4*u + 10. Suppose 10 = -u*x + f, -5*f - 7 = 2*x - 6*f. Let t = x + 12. Calculate the remainder when t is divided by 4.
1
Suppose -4*s = -3*s - 2. Suppose s*w + 8 = 4*w. Suppose 0*q - 2*q = w*u - 350, 0 = -4*u - 3*q + 349. Calculate the remainder when u is divided by 30.
28
Let x(l) = -12*l - 19. Suppose 28 = 16*b + 140. Calculate the remainder when x(b) is divided by 34.
31
Let o = 29 + -7. Let j = -20 + 33. What is the remainder when o is divided by j?
9
Let l(w) = 16*w**3 - w**2 - 4*w + 4. What is the remainder when 1753 is divided by l(1)?
13
Let n(l) = -2*l - 45. Let b be n(-24). Suppose 0 = b*z - 15, 2*i - 7 = 5*i - 5*z. Suppose 5*c + 0 - 75 = 0. Calculate the remainder when c is divided by i.
3
Let l(s) = s**3 - 2*s - 7. Let u(a) = -a**2 - a + 1. Let y(w) = l(w) + 4*u(w). Let o be y(5). Let j = o - -12. What is the remainder when 11 is divided by j?
3
What is the remainder when (0 + 194)/(14/7) is divided by 14?
13
Let o(u) = 3*u**3 + 2*u**2 - 4*u + 5. What is the remainder when o(2) is divided by 9?
2
Let i = -539 - -553. Calculate the remainder when 837 is divided by i.
11
Suppose l - 4*l - 2*o + 5 = 0, 0 = -l + 2*o + 7. Let p = l + 0. Calculate the remainder when p is divided by 3.
0
Suppose -136*k - 78 = -142*k. Suppose -2*h = 2*h - 184. What is t